er when 4/14 + (-152)/(-7) is divided by b.
10
Let l = 25 - 21. Let i be 4/(l - 2) - -6. Let h = 9 - i. Calculate the remainder when 2 is divided by h.
0
Suppose 4*h = -3*x + 228, 2*x + 194 + 14 = 4*h. Suppose 2*v + 0*w - 72 = 2*w, 0 = -w - 1. Let p = h - v. What is the remainder when 36 is divided by p?
17
Suppose 3*d = -9 + 18. Suppose 172 = d*v - v. What is the remainder when v is divided by 30?
26
Suppose 3*v + 13 = a, -2*a + 6 = 10*v - 6*v. Calculate the remainder when 43 is divided by a.
1
Let z = -23 - -148. Calculate the remainder when z is divided by 14.
13
Let i(y) = y**3 - y**2 + 5*y + 1. Calculate the remainder when i(4) is divided by (23/((-552)/(-112)))/((-3)/(-9)).
13
Let w = 3 - 9. Suppose 228 = 13*b - 6. Calculate the remainder when b is divided by 4/w - 51/(-9).
3
Let s(o) = 133*o**2 - 9*o - 5. Calculate the remainder when s(-5) is divided by 66.
65
Let m be (11 - 73)/(-3 + 2). Suppose -6*z = m - 134. Calculate the remainder when 31 is divided by z.
7
Suppose 7*p - 1177 + 225 = 0. Calculate the remainder when p is divided by 48.
40
Let d be (-1)/(-3)*(-4 + 79 - 0). Suppose 20*m = d*m - 795. Calculate the remainder when m is divided by 40.
39
Calculate the remainder when 42/98 - (-1730)/14 is divided by 43.
38
Let o = -20 - -54. Suppose -2*c + 2*m = 2*c - o, 0 = -4*m + 4. Calculate the remainder when 13 is divided by c.
4
Calculate the remainder when (1/(-5) - 1)*-240 is divided by 49.
43
Suppose 0 = 5*k - 0*k - 100. What is the remainder when 237 is divided by k?
17
Let d = 470 - 449. What is the remainder when 166 is divided by d?
19
Suppose -g - 4 = -0*g - 3*n, 5*n - 10 = 5*g. What is the remainder when 32 is divided by g/3 + (-484)/(-66)?
4
Suppose 0 = 2*o - 5*o. Suppose o = 3*k + 9, -4*a = -0*a + 5*k - 5. Let q(y) = -4*y - 10. What is the remainder when q(-7) is divided by a?
3
Suppose -b - 1 = -4. Suppose 3*u = -3*i + 72, i + 0*u = -b*u + 26. Calculate the remainder when 43 is divided by i.
20
Let q(p) = 6*p**2 + p + 2. Let w be q(2). Let n = w - 17. Let x(y) = y**3 - 9*y**2 + 4*y - 6. Calculate the remainder when x(9) is divided by n.
8
Let d(u) = u**3 - u**2 + 2*u - 14. Calculate the remainder when 573 is divided by d(5).
93
What is the remainder when 4/(-48) - 503692/(-336) is divided by 20?
19
Suppose 173 = v + 24. What is the remainder when v is divided by 39?
32
Suppose 0 = -2*d, -232 = 2*v - 6*v - d. Calculate the remainder when v is divided by 41.
17
Let f(k) = -7*k - 162. Let s be 2/(-5) + 22/5. What is the remainder when -4*1*(-39)/s is divided by f(-26)?
19
Let l(f) = 72*f - 50. What is the remainder when l(3) is divided by 24?
22
Suppose 0 = -4*u - 5*l + 16, 2*l - 4 = -u - 2*l. What is the remainder when 41 is divided by u?
1
Let g = 698 + -678. What is the remainder when 30 is divided by g?
10
Suppose 0 = -4*u - 3*q - 19, 3*u + 6 + 8 = -2*q. What is the remainder when (-610)/(-8) - u/(-16) is divided by 11?
10
Suppose -3*t - 58 = 59. Let m = -17 - t. Calculate the remainder when 130 is divided by m.
20
Suppose 4*m = 4, -d - m - m + 14 = 0. Let o(y) = 2*y - 12. Let t be o(d). Let q = 2 + t. What is the remainder when 25 is divided by q?
11
Let s = -25 + 24. Let a = s + 39. What is the remainder when 149 is divided by a?
35
Suppose 3*g - 52 = -4*m - g, 5*m - 81 = 3*g. Let k be 1 - (-2 - -1) - 2. Suppose k = t - 29 - 13. What is the remainder when t is divided by m?
12
Suppose 4*o - 9*o + 140 = 0. What is the remainder when 103 is divided by 355/17 - o/(-238)?
19
Suppose 4*r + r - 60 = 0. Let i = 890 + -829. Calculate the remainder when i is divided by (-1)/3*-4*r.
13
Suppose -m = -5*m + 16. Suppose -3*z - 29 = -2*q, m*q + 18 - 121 = -3*z. Calculate the remainder when q is divided by 10.
2
Let p(w) = 7*w**2 + 5*w + 1. What is the remainder when p(-2) is divided by 7?
5
Suppose -5*v = 4*r - 45, -r + 2*r + 3*v = 20. Suppose -q = 4*b - 13, b = -5*q - 2*b + 82. What is the remainder when q is divided by r?
2
Let z = 130 - 81. What is the remainder when 1/(-3)*35/((-210)/2592) is divided by z?
46
Let p(n) = 6*n**2 + 3*n - 7. Let k be p(3). Suppose -k = -5*w + 99. Let u(y) = -9*y - 1. Calculate the remainder when w is divided by u(-2).
14
Let r be (-1 - (1 - 1))*-3. Suppose -32 - 10 = -r*p. What is the remainder when 26 is divided by p?
12
Suppose -35*a + 91 = -28*a. What is the remainder when 349 is divided by a?
11
Suppose 4*g - 2 = -10. What is the remainder when 44 is divided by (2 + -1)*10 - g?
8
Let n be (2 + 0)*14/7. Suppose n*y - 4 = 2*y. Suppose -y*t = -7 + 1. Calculate the remainder when 9 is divided by t.
0
Let h be 1 + 3 - (-68 - -3). Let j = -44 + h. What is the remainder when j is divided by 13?
12
Let p(q) = -q**2 - 4 + 4 + 8*q - 2*q**3 - 2. What is the remainder when 28 is divided by p(-3)?
9
Let o = -36 - -38. Let f(i) = 24*i**2 - 7*i + 5. What is the remainder when f(o) is divided by 18?
15
Suppose -r - 76 = -442. What is the remainder when r is divided by 88?
14
Suppose -15*r = 6*r - 588. Suppose 67 = -4*n + 279. What is the remainder when n is divided by r?
25
Let w = 67 + -30. Suppose -u - u + 45 = 5*n, 4*u = n + 35. Calculate the remainder when w is divided by u.
7
Let h(c) = -3*c + 17. Let u(z) = -2*z + 18. Let o(p) = -3*h(p) + 4*u(p). Calculate the remainder when (-123)/(-3) - (-1 + 1) is divided by o(-10).
8
Let t(s) = 29*s**2 - 1. Let w(z) = z. Let f be w(-1). What is the remainder when t(f) is divided by 6?
4
Let l = 13 - -25. Calculate the remainder when l is divided by 0 - (-2)/12 - 539/(-42).
12
Let d(f) = -f - 14. Let r be d(0). Let t = r + 25. What is the remainder when (-4)/18 + (-544)/(-18) is divided by t?
8
Suppose 2*y - 13 = 5. What is the remainder when (-531)/(-21) - (-12)/(-42) is divided by y?
7
Let j = 78 + -39. What is the remainder when (6/5)/(2/20) is divided by 36/(-24) - j/(-6)?
2
What is the remainder when 17 is divided by 245/15 - (-35)/(-15)?
3
Suppose 13*w - 38 = 183. What is the remainder when 20 is divided by w?
3
Suppose 9*b = 4*b + 20, 3*s = -4*b + 67. What is the remainder when 63 is divided by s?
12
Suppose 170 = h + 4*h. Let c(l) = 3*l**2 - l - 1. Calculate the remainder when h is divided by c(2).
7
Let q(j) = -3*j + 24. What is the remainder when 342/30 + (-2)/5 is divided by q(7)?
2
Let b(z) = z**3 + 4*z**2 - z - 2. Suppose -3*d - 3*f = 6, 2*d = -3*d - 3*f - 14. Let u be b(d). What is the remainder when 49 is divided by 150/u*(-3)/(-9)?
24
What is the remainder when 93 is divided by 20 - -17 - (-5)/(5/(-4))?
27
Calculate the remainder when 5*11 + 22/(-2) is divided by 14.
2
Suppose 963 = -2*y + 1239. What is the remainder when 284 is divided by y?
8
Let x be 15106/35 + (-4)/(-10) + 0. Suppose 14*p = 10*p + x. Calculate the remainder when p is divided by 37.
34
Let g(f) = f**2 - f + 16. Let b be g(-7). Suppose -24 = -2*x + 2*z + 18, 0 = -4*x + z + b. What is the remainder when 84 is divided by x?
16
What is the remainder when (12 - 13) + (-2 - -26) is divided by 8?
7
Suppose -2*f + a - 1 = 5, 4*a = 2*f + 6. Let v be -4*f/6 + -34. Let s = v - -64. Calculate the remainder when s is divided by 11.
10
Let h(g) = -g**3 - 7*g**2 + 5*g - 5. Let b be h(-8). Let p = 8 + 29. Calculate the remainder when p is divided by (1 + -1)*1 + b.
18
Suppose -900 = -26*l - 10*l. Calculate the remainder when l is divided by 9.
7
Let d(j) = -6*j - 4. Suppose 17*m = 25*m - 32. What is the remainder when d(-3) is divided by m?
2
Let o = -9 + 41. Let w(x) = 128*x**3 + 2*x**2 - 4*x + 1. What is the remainder when w(1) is divided by o?
31
Let f(r) = r**3 - 4*r**2 - 7*r - 8. Let b be (120/(-28))/5*-7. What is the remainder when 86 is divided by f(b)?
20
Suppose 1 = 5*m - 14. Suppose 0 = -0*d + m*d - 45. Let o(p) = 11*p + 2. Calculate the remainder when o(5) is divided by d.
12
Suppose -2*t = 3*b - 114, -t + b + 66 = -2*b. Let y = 99 - t. Suppose 0 = -3*n - 4*w + 44, w + 24 = -n + 2*n. Calculate the remainder when y is divided by n.
19
Let j be 726/44*(16/3)/(-2). What is the remainder when 106 is divided by ((-33)/2)/(33/j)?
18
Let d be (-104)/(-56) - (-1)/7. Let m = 2 + d. Calculate the remainder when 6 is divided by m.
2
What is the remainder when 57 is divided by ((-12)/9)/((-116)/870)?
7
Let h be (-350)/(-45) + 2/36*4. Suppose h*s = 409 - 57. Calculate the remainder when 175 is di